{"id":102,"date":"2022-02-21T10:22:34","date_gmt":"2022-02-21T09:22:34","guid":{"rendered":"http:\/\/www.elun.sk\/?page_id=102"},"modified":"2026-05-11T13:28:27","modified_gmt":"2026-05-11T11:28:27","slug":"setric-vody-toalety","status":"publish","type":"page","link":"http:\/\/www.elun.sk\/","title":{"rendered":"SPLACHOVANIE WC ODPADOVOU VODOU &#8211; OBJEDN\u00c1VKA ZARIADENIA"},"content":{"rendered":"\n<p><strong>TOILET WATER SAVER <\/strong><\/p>\n\n\n\n<p><strong>PLAT\u00cdTE ZBYTO\u010cNE PR\u00cdLI\u0160 VYSOK\u00c9 \u00da\u010cTY ZA VODN\u00c9 &#8211; STO\u010cN\u00c9? <\/strong> <\/p>\n\n\n\n<p><strong>CHCETE PLATI\u0164 MENEJ? <\/strong> <\/p>\n\n\n\n<p><strong>CHCETE U\u0160ETRI\u0164 STOVKY EUR KA\u017dD\u00dd ROK? <\/strong> <\/p>\n\n\n\n<p><strong>POZRITE SI KR\u00c1TKE VIDEO A ZIST\u00cdTE AKO: <\/strong><\/p>\n\n\n\n<p><br><br><br>Cel\u00e9mu svetu hroz\u00ed nedostatok pitnej vody. Situ\u00e1cia s vodou sa neust\u00e1le zhor\u0161uje a my aj napriek tomu pitnou vodou plytvame splachovan\u00edm z\u00e1chodov. Ve\u010f na to m\u00e1me! Ale dokedy?<\/p>\n\n\n\n<p>Splachova\u0165 WC kvalitnou pitnou vodou je ekologick\u00fd, ale aj ekonomick\u00fd nezmyslel a zlozvyk, na ktor\u00fd sme si \u010dasom zvykli a pripad\u00e1 n\u00e1m norm\u00e1lny!! A pr\u00e1ve preto, aby sme si od tohoto zlozvyku a nezmyslu odvykli, je tu zariadenie <strong>\u0160etri\u010d vody toalety,<\/strong> zariadenie, ktor\u00e9 je ur\u010den\u00e9 pre ozajstn\u00fdch a zanieten\u00fdch aktivistov a ochrancov pr\u00edrody !<\/p>\n\n\n\n<p>Pozrite sa, ako jednoducho m\u00f4\u017eete \u0161etri\u0165 n\u00e1klady za vodu v dom\u00e1cnosti.<\/p>\n\n\n\n<p>Ak sa V\u00e1m video a sp\u00f4sob vyu\u017e\u00edvania odpadovej vody na splachovanie WC p\u00e1\u010di, zdie\u013eajte a dajte vedie\u0165 o tom aj svoj\u00edm zn\u00e1mym<\/p>\n\n\n\n<p><\/p>\n\n\n\n<figure class=\"wp-block-embed is-type-video is-provider-youtube wp-block-embed-youtube wp-embed-aspect-16-9 wp-has-aspect-ratio\"><div class=\"wp-block-embed__wrapper\">\n<iframe loading=\"lazy\" title=\"\u0160etri\u010d vody toalety\" width=\"605\" height=\"340\" src=\"https:\/\/www.youtube.com\/embed\/vz_21Mnput4?feature=oembed\" frameborder=\"0\" allow=\"accelerometer; autoplay; clipboard-write; encrypted-media; gyroscope; picture-in-picture; web-share\" referrerpolicy=\"strict-origin-when-cross-origin\" allowfullscreen><\/iframe>\n<\/div><figcaption class=\"wp-element-caption\"><strong>Ako pracuje \u0161etri\u010d vody toalety \u0160VT<\/strong><br><br><br><\/figcaption><\/figure>\n\n\n\n<h2 class=\"wp-block-heading\">                                           OBJEDN\u00c1VKA \u0160ETRI\u010cA VODY<\/h2>\n\n\n\n<p>Sk\u00f4r, ako si objedn\u00e1te zariadenie, sk\u00faste si odsledova\u0165,  ko\u013eko kvalitnej odpadovej vody denne vypus\u00edte do odpadu, \u010di u\u017e z um\u00fdvania, sprchovania, k\u00fapania, prania,  oplachovania riadu a podobne. Je to v\u0161etko kvalitn\u00e1 voda, ktor\u00e1 sa d\u00e1 op\u00e4tovne vyu\u017ei\u0165 na splachovanie WC. <\/p>\n\n\n\n<p>&#8211; dod\u00e1vka zariadenia bude realizovan\u00e1 do 10 dn\u00ed od zaplatenia potvrdenej objedn\u00e1vky<\/p>\n\n\n\n<p>&#8211; Cena je kone\u010dn\u00e1, vr\u00e1tane DPH, baln\u00e9ho a dopravn\u00fdch n\u00e1kladov \/ zahrani\u010die + 15 eur&#8212;&#8212;367 \u010ck<\/p>\n\n\n\n<p>&#8211; Zariadenie obdr\u017e\u00edte komplet s n\u00e1vodom na mont\u00e1\u017e.<\/p>\n\n\n\n<figure class=\"wp-block-table is-style-stripes\"><table><tbody><tr><td class=\"has-text-align-left\" data-align=\"left\"><\/td><td class=\"has-text-align-center\" data-align=\"center\"><\/td><td class=\"has-text-align-center\" data-align=\"center\"><\/td><td class=\"has-text-align-left\" data-align=\"left\"><\/td><\/tr><tr><td class=\"has-text-align-left\" data-align=\"left\"><\/td><td class=\"has-text-align-center\" data-align=\"center\"><\/td><td class=\"has-text-align-center\" data-align=\"center\"><\/td><td class=\"has-text-align-left\" data-align=\"left\"><\/td><\/tr><tr><td class=\"has-text-align-left\" data-align=\"left\"><\/td><td class=\"has-text-align-center\" data-align=\"center\"><\/td><td class=\"has-text-align-center\" data-align=\"center\"><\/td><td class=\"has-text-align-left\" data-align=\"left\"><\/td><\/tr><tr><td class=\"has-text-align-left\" data-align=\"left\"><\/td><td class=\"has-text-align-center\" data-align=\"center\"><\/td><td class=\"has-text-align-center\" data-align=\"center\"><\/td><td class=\"has-text-align-left\" data-align=\"left\"><\/td><\/tr><\/tbody><\/table><\/figure>\n\n\n\n<p><\/p>\n\n\n<div class=\"wp-block-jetpack-contact-form\"><a href=\"http:\/\/www.elun.sk\/\" target=\"_blank\" rel=\"noopener noreferrer\">Submit a form.<\/a><\/div>\n\n\n<p><strong><em>Po odoslan\u00ed Va\u0161ej objedn\u00e1vky ju n\u00e1sledne potvrd\u00edme spolu so zaslan\u00edm predfakt\u00fary na emailov\u00fa adresu, ktor\u00fa ste uviedli. \u010eakujeme za objedn\u00e1vku a te\u0161\u00edme sa na spolupr\u00e1cu!<\/em><\/strong><\/p>\n\n\n\n<p><em><strong>Mont\u00e1\u017e \u0160VT<br><br>je nen\u00e1ro\u010dn\u00fd pracovn\u00fd \u00fakon, ktor\u00fd zvl\u00e1dne ka\u017ed\u00e1 primerane zdatn\u00e1 osoba. Ak by ste si ale na mont\u00e1\u017e netr\u00fafli, je mo\u017enos\u0165 si ho objedna\u0165 u vod\u00e1ra, respekt\u00edve primerane zdatn\u00e9ho odborn\u00edka, alebo zru\u010dn\u00e9ho suseda. Je potrebn\u00e9 urobi\u0165 dva nen\u00e1ro\u010dn\u00e9 pracovn\u00e9 \u00fakony.<br>Prv\u00fd \u00fakon je, \u017ee do odpadovej tr\u00fabky z um\u00fdvadlov\u00e9ho sif\u00f3na je potrebn\u00e9 vmontova\u0165 tzv. T kus, ktor\u00fd je s\u00fa\u010das\u0165ou \u0160VT. Od sif\u00f3na um\u00fdvadla odmeriame 7 cm, odpadov\u00fa tr\u00fabku rozre\u017eeme, vyberieme, hrany za\u010dist\u00edme, tro\u0161ku naolejujeme, vsunieme T kus a pripoj\u00edme ho sp\u00e4\u0165 do sif\u00f3na. Hotovo! Vsunieme flexi hadicu a zariadenie je pripraven\u00e9 na zber odpadovej vody. Pr\u00e1ca trv\u00e1 max. 10-15 min\u00fat aj s pr\u00edpravou.<br><br><br>Druh\u00fd jednoduch\u00fd \u00fakon je ten, \u017ee zo zbernej n\u00e1dr\u017eky mus\u00edme dovies\u0165 PVC hadi\u010dku do splachovacej n\u00e1dr\u017eky WC. Ak je WC v inej miestnosti, mus\u00edme prev\u0155ta\u0165 stenu vrt\u00e1kom o priemere 14 mm, (1,4 cm) lebo tak\u00fd je priemer tr\u00fabky PVC. Hotovo! Aj tento \u00fakon trv\u00e1 max. 10-15 min\u00fat.<br><br><br>Zariadenie pripoj\u00edme do z\u00e1suvky 230V\/16A a bezdr\u00f4tov\u00fdm dia\u013ekov\u00fdm ovl\u00e1da\u010dom m\u00f4\u017eeme zariadenie ovl\u00e1da\u0165. M\u00f4\u017eeme nap\u00fa\u0161\u0165a\u0165 odpadov\u00fa vodu do n\u00e1dr\u017eky WC.<br><br>Prilo\u017een\u00fdm bezdr\u00f4tov\u00fdm sp\u00edna\u010dom, ktor\u00fd si umiestn\u00edme bl\u00edzko WC, napust\u00edme zachyten\u00fa odpadov\u00fa vodu do splachovacej n\u00e1dr\u017eky WC. M\u00e1me a\u017e \u0161tyri mo\u017enosti napustenia splachovacej n\u00e1dr\u017eky. cca 3, 5, 7, 9, litrov. . Z\u00e1le\u017e\u00ed iba na n\u00e1s pre ktor\u00fa mo\u017enos\u0165 sa rozhodneme. Nap\u00fa\u0161\u0165anie n\u00e1dr\u017eky sa automatick\u00fd zastav\u00ed po zvolen\u00ed po\u017eadovan\u00e9ho mno\u017estva vody.<br>*****************<\/strong><\/em><\/p>\n\n\n\n<p><em><strong><br>Vyu\u017e\u00edvanie \u0160VT v dom\u00e1cnosti<br><br><br>Na splachovanie WC m\u00f4\u017eeme vyu\u017ei\u0165 vodu z k\u00fapania, sprchovania.Ale tu je potrebn\u00e9 vodu zachyti\u0165, resp.prelia\u0165 z vane do um\u00fdvadla. Ide\u00e1lne v \u010din\u017eiakoch, bytov\u00fdch domoch a v\u0161ade tam, kde je um\u00fdvadlo hne\u010f ved\u013ea vane! Na splachovanie sa d\u00e1 vyu\u017ei\u0165 aj voda z ru\u010dn\u00e9ho, alebo aj z automatick\u00e9ho prania. Ve\u013ek\u00e9 mno\u017estvo kvalitnej odpadovej vody sa d\u00e1 vyu\u017ei\u0165 aj z oplachovania kuchynsk\u00e9ho riadu. Aj v tomto pr\u00edpade je potrebn\u00e9 vodu v kuchynskom dreze zachyti\u0165 a prelia\u0165 do um\u00fdvadla. <em><strong>&nbsp;<\/strong><\/em> Vhodn\u00e1 je aj voda da\u017e\u010fov\u00e1. <em><strong>Mo\u017enosti vyu\u017ei\u0165 kvalitn\u00fa odpadov\u00fa vodu na splachovanie WC , je ve\u013ea.&nbsp;<\/strong><\/em>Chce to iba zmenu v myslen\u00ed a v pr\u00edstupe k pitnej vode. S\u00fa to obrovsk\u00e9 mno\u017estva kvalitnej odpadovej vody, ktor\u00e1 zbyto\u010dne odtek\u00e1 do odpadu.<br><strong>Na splachovanie m\u00f4\u017eeme pou\u017ei\u0165 ka\u017ed\u00fa odpadov\u00fa vodu, ktor\u00fa v dom\u00e1cnosti vyprodukujeme a ktor\u00e1 je zbaven\u00e1 hrub\u00fdch a mastn\u00fdch ne\u010dist\u00f4t.<\/strong><br>Voda z um\u00fdvadla teda neodtek\u00e1 do odpadu, ale pou\u017eijeme ju na splachovanie WC! Pr\u00edvod pitnej vody do n\u00e1dr\u017eky WC je trvalo zastaven\u00fd. V pr\u00edpade ak\u00e9hoko\u013evek d\u00f4vodu, napr\u00edklad, ak m\u00e1te n\u00e1v\u0161tevu a \u0161etri\u010d vody by sa nestihal zaplni\u0165 odpadovou vodou, m\u00f4\u017eete sa do\u010dasne vr\u00e1ti\u0165 k p\u00f4vodn\u00e9mu splachovaniu. Sta\u010d\u00ed otvori\u0165 pr\u00edvod pitnej vody do n\u00e1dr\u017eky WC.<br>.<br>Ako to cel\u00e9 pracuje.<br><br><br>Cel\u00fd syst\u00e9m pracuje tak ako sme na splachovanie WC zvyknut\u00ed, s t\u00fdm rozdielom, \u017ee prilo\u017een\u00fdm bezdr\u00f4tov\u00fdm ovl\u00e1da\u010dom si navolime mno\u017estvo vody, ktor\u00e9 pri spl\u00e1chnut\u00ed pou\u017eijeme. M\u00e1me na v\u00fdber a\u017e \u0161tyri mo\u017enosti: mal\u00e9 spl\u00e1chnutie, cca 3 litre, stredn\u00e9 spl\u00e1chnutie, cca 5 litrov, ve\u013ek\u00e9 spl\u00e1chnutie cca 7 litrov a max. spl\u00e1chnutie cca 9-10 litrov. Nap\u00fa\u0161\u0165anie vody sa automatick\u00fd zastav\u00ed po zvolen\u00ed po\u017eadovan\u00e9ho mno\u017estva. V\u00fdhoda je v tom, \u017ee dia\u013ekov\u00fdm ovl\u00e1da\u010dom m\u00f4\u017eete kedyko\u013evek zastavi\u0165 , resp. obnovi\u0165 nap\u00fa\u0161\u0165anie. Dia\u013ekov\u00fd ovl\u00e1da\u010d m\u00f4\u017eeme polo\u017ei\u0165 v bl\u00edzkosti WC, alebo si ho m\u00f4\u017eeme prilepi\u0165 obojstrannou lepiacou p\u00e1skou na stenu.<\/strong><\/em><br><br><br><br><br>Absol\u00fatne bezpe\u010dn\u00e9, spo\u013eahliv\u00e9 a ekologick\u00e9 rie\u0161enie, nen\u00e1ro\u010dn\u00e9 na prev\u00e1dzku a \u00fadr\u017ebu. Zariadenie je vhodn\u00e9 do ka\u017edej dom\u00e1cnosti, \u010di u\u017e v rodinnom dome, bytovke, ale aj ka\u017edej men\u0161ej firme, skr\u00e1tka v\u0161ade tam, kde sa tvor\u00ed dostatok kvalitnej odpadovej vody. \u010cerpadielko, je na 12 V a spotrebuje elektrinu ro\u010dne v priemere za max. 7 a\u017e 10 eur. \u0160etri\u010d vody toalety m\u00e1 d\u00f4myseln\u00fa filtr\u00e1ciu, ktor\u00e1 neprepust\u00ed do syst\u00e9mu ani zrnko maku a zachyt\u00ed takmer ka\u017ed\u00fa ne\u010distotu. Rozmery n\u00e1dr\u017eiek s\u00fa tak\u00e9, aby sa v pohode zmestili pod um\u00fdvadlo. \u0160\u00edrka je v\u017edy 36 cm, d\u013a\u017eky s\u00fa: 65 cm, 80 cm a 95 cm. Objem zachytenej vody na splachovanie WC je 49 litrov, 64 litrov, 78 litrov. V\u00fdber typu n\u00e1dr\u017eky z\u00e1le\u017e\u00ed od po\u010dtu \u010dlenov v dom\u00e1cnosti.<\/p>\n\n\n\n<p><strong>\u00dadr\u017eba \u0161etri\u010da vody toalety<\/strong><\/p>\n\n\n\n<p>\u00dadr\u017eba \u0161etri\u010da vody je nen\u00e1ro\u010dn\u00e1 a spo\u010d\u00edva iba v tom, \u017ee raz za 1 a\u017e 2 mesiace je potrebn\u00e9 skontrolova\u0165 filtra\u010dn\u00e9 sitko a pripadne ne\u010distoty odstr\u00e1ni\u0165. Cel\u00fd \u00fakon trv\u00e1 max 2 min\u00faty. Raz za 2-3 mesiace sa doporu\u010duje n\u00e1dr\u017eku, hlavne ke\u010f je bez vody, skontrolova\u0165 a  vy\u010disti\u0165. Taktie\u017e je to nen\u00e1ro\u010dn\u00fd \u00fakon, ktor\u00fd trv\u00e1 max. 10 &#8211; 15 min\u00fat. Nie je potrebn\u00e9 ni\u010d odp\u00e1ja\u0165.<\/p>\n\n\n\n<div class=\"wp-block-group\"><div class=\"wp-block-group__inner-container is-layout-flow wp-block-group-is-layout-flow\">\n<figure class=\"wp-block-table is-style-stripes\"><table><tbody><tr><td><\/td><td class=\"has-text-align-center\" data-align=\"center\"><a href=\"http:\/\/www.elun.sk\/wp-content\/uploads\/2022\/03\/navod_na_montaz_svt.pdf\" target=\"_blank\" rel=\"noreferrer noopener\"><img loading=\"lazy\" decoding=\"async\" width=\"150\" height=\"142\" class=\"wp-image-177\" style=\"width: 150px;\" src=\"http:\/\/www.elun.sk\/wp-content\/uploads\/2022\/02\/navod_na_montat_svt.jpg\" alt=\"\"><\/a><\/td><td class=\"has-text-align-center\" data-align=\"center\"><a href=\"http:\/\/www.elun.sk\/wp-content\/uploads\/2022\/03\/otazkyodpovedesvtkomplet.pdf\" target=\"_blank\" rel=\"noreferrer noopener\"><img loading=\"lazy\" decoding=\"async\" width=\"150\" height=\"141\" class=\"wp-image-178\" style=\"width: 150px;\" src=\"http:\/\/www.elun.sk\/wp-content\/uploads\/2022\/02\/otazkyodpovedesvt.jpg\" alt=\"\"><\/a><\/td><td><\/td><\/tr><\/tbody><\/table><\/figure>\n<\/div><\/div>\n\n\n\n<p><strong>N\u00e1vratnos\u0165 invest\u00edcie<\/strong><\/p>\n\n\n\n<p>Be\u017en\u00e1 \u0161tvor\u010dlenn\u00e1 rodina spotrebuje  ro\u010dne pribli\u017ene 60 000 litrov pitnej vody iba na splachovanie WC.!! Je to alarmuj\u00face \u010d\u00edslo, ktor\u00e9 sa rovnako odzrkadl\u00ed aj na \u00fa\u010dtoch za vodu. Zn\u00ed\u017ei\u0165 jej spotrebu m\u00f4\u017eeme mal\u00fdmi zmenami vo svojich zlozvykoch pri vyu\u017e\u00edvan\u00ed vody. Pom\u00f4\u017eeme t\u00fdm pr\u00edrode, ale aj na\u0161ej pe\u0148a\u017eenke.<\/p>\n\n\n\n<p><strong>Priemern\u00e1 spotreba vody v dom\u00e1cnosti <u>iba za splachovanie WC za 1 rok<\/u><\/strong><\/p>\n\n\n\n<p>Priemern\u00e1 cena za 1m3 vodn\u00e9ho sto\u010dn\u00e9ho: v SR &#8211; 3,7 a\u017e 4,6 eur (V\u00fdchodn\u00e9 Slovensko)  a v \u010cR &#8211; 140 a\u017e 160 k\u010d. Niekde a\u017e 175 \u010dk (Stredo\u010desk\u00fd kraj) A lacnej\u0161ia nebude! Z \u00fadajov vypl\u00fdva, \u017ee n\u00e1vratnos\u0165, hlavne v \u010cR je ve\u013emi v\u00fdhodn\u00e1. Pri 4 osob\u00e1ch v dom\u00e1cnosti je to cca 1rok, Na Slovensku, kde je cena vodn\u00e9ho &#8211; sto\u010dn\u00e9ho o nie\u010do ni\u017e\u0161ia, je n\u00e1vratnos\u0165 o m\u00e1li\u010dko dlh\u0161ia! 4 \u010dlenn\u00e1 rodina len za jeden rok spl\u00e1chne priemerne a\u017e 60 m3 , t.j. a\u017e 60 tis\u00edc litrov pitnej vody do z\u00e1choda!<\/p>\n\n\n\n<p><\/p>\n\n\n\n<p><\/p>\n","protected":false},"excerpt":{"rendered":"<p>TOILET WATER SAVER PLAT\u00cdTE ZBYTO\u010cNE PR\u00cdLI\u0160 VYSOK\u00c9 \u00da\u010cTY ZA VODN\u00c9 &#8211; STO\u010cN\u00c9? CHCETE PLATI\u0164 MENEJ? CHCETE U\u0160ETRI\u0164 STOVKY EUR KA\u017dD\u00dd ROK? POZRITE SI KR\u00c1TKE VIDEO A ZIST\u00cdTE AKO: Cel\u00e9mu svetu hroz\u00ed nedostatok pitnej vody. Situ\u00e1cia s vodou sa neust\u00e1le zhor\u0161uje &hellip;<\/p>\n<p class=\"read-more\"> <a class=\"more-link\" href=\"http:\/\/www.elun.sk\/\"> <span class=\"screen-reader-text\">SPLACHOVANIE WC ODPADOVOU VODOU &#8211; OBJEDN\u00c1VKA ZARIADENIA<\/span> \u010c\u00edta\u0165 \u010falej &raquo;<\/a><\/p>\n","protected":false},"author":1,"featured_media":0,"parent":0,"menu_order":0,"comment_status":"closed","ping_status":"closed","template":"","meta":{"footnotes":""},"class_list":["post-102","page","type-page","status-publish","hentry"],"jetpack_sharing_enabled":true,"jetpack_likes_enabled":true,"_links":{"self":[{"href":"http:\/\/www.elun.sk\/index.php?rest_route=\/wp\/v2\/pages\/102","targetHints":{"allow":["GET"]}}],"collection":[{"href":"http:\/\/www.elun.sk\/index.php?rest_route=\/wp\/v2\/pages"}],"about":[{"href":"http:\/\/www.elun.sk\/index.php?rest_route=\/wp\/v2\/types\/page"}],"author":[{"embeddable":true,"href":"http:\/\/www.elun.sk\/index.php?rest_route=\/wp\/v2\/users\/1"}],"replies":[{"embeddable":true,"href":"http:\/\/www.elun.sk\/index.php?rest_route=%2Fwp%2Fv2%2Fcomments&post=102"}],"version-history":[{"count":236,"href":"http:\/\/www.elun.sk\/index.php?rest_route=\/wp\/v2\/pages\/102\/revisions"}],"predecessor-version":[{"id":4505,"href":"http:\/\/www.elun.sk\/index.php?rest_route=\/wp\/v2\/pages\/102\/revisions\/4505"}],"wp:attachment":[{"href":"http:\/\/www.elun.sk\/index.php?rest_route=%2Fwp%2Fv2%2Fmedia&parent=102"}],"curies":[{"name":"wp","href":"https:\/\/api.w.org\/{rel}","templated":true}]}}