{"id":32,"date":"2022-02-06T19:31:03","date_gmt":"2022-02-06T18:31:03","guid":{"rendered":"http:\/\/www.elun.sk\/?page_id=32"},"modified":"2022-02-07T08:14:29","modified_gmt":"2022-02-07T07:14:29","slug":"eko-riesenie","status":"publish","type":"page","link":"http:\/\/www.elun.sk\/?page_id=32","title":{"rendered":"Po\u017ei\u010dov\u0148a strojov"},"content":{"rendered":"\n<p>Kvalitn\u00e9 profesion\u00e1lne stroje pre remeseln\u00edkov a dom\u00e1cich majstrov. <br><br>&#8211; vrtacie, sekacie a b\u00faracie elektrick\u00e9 kladiv\u00e1<br>&#8211; dr\u00e1\u017ekova\u010dky do tehly a aj do \u017eelezobet\u00f3nu<br>&#8211; priemyseln\u00e9 vys\u00e1va\u010de<br>&#8211; vibra\u010dn\u00e9 dosky, elektrocentr\u00e1ly<br>&#8211; diamantov\u00e9 v\u0155tanie a rezanie \u017eelezobet\u00f3nu<br>&#8211;  pojazdn\u00e9 hydraulick\u00e9 plo\u0161iny, s ktor\u00fdch sa d\u00e1 pracova\u0165 vo v\u00fd\u0161ke a\u017e 12 metrov<br>&#8211;  a mnoho in\u00fdch strojov, potrebn\u00fdch hlavne pri oprav\u00e1ch, alebo rekon\u0161trukciach.<\/p>\n\n\n\n<p>Ur\u010dite vyberiete a budete spokojn\u00ed aj s n\u00edzkymi cenami za pren\u00e1jom.<\/p>\n","protected":false},"excerpt":{"rendered":"<p>Kvalitn\u00e9 profesion\u00e1lne stroje pre remeseln\u00edkov a dom\u00e1cich majstrov. &#8211; vrtacie, sekacie a b\u00faracie elektrick\u00e9 kladiv\u00e1&#8211; dr\u00e1\u017ekova\u010dky do tehly a aj do \u017eelezobet\u00f3nu&#8211; priemyseln\u00e9 vys\u00e1va\u010de&#8211; vibra\u010dn\u00e9 dosky, elektrocentr\u00e1ly&#8211; diamantov\u00e9 v\u0155tanie a rezanie \u017eelezobet\u00f3nu&#8211; pojazdn\u00e9 hydraulick\u00e9 plo\u0161iny, s ktor\u00fdch sa d\u00e1 pracova\u0165 &hellip;<\/p>\n<p class=\"read-more\"> <a class=\"more-link\" href=\"http:\/\/www.elun.sk\/?page_id=32\"> <span class=\"screen-reader-text\">Po\u017ei\u010dov\u0148a strojov<\/span> \u010c\u00edta\u0165 \u010falej &raquo;<\/a><\/p>\n","protected":false},"author":1,"featured_media":0,"parent":0,"menu_order":1,"comment_status":"closed","ping_status":"closed","template":"","meta":{"footnotes":""},"class_list":["post-32","page","type-page","status-publish","hentry"],"jetpack_sharing_enabled":true,"jetpack_likes_enabled":true,"_links":{"self":[{"href":"http:\/\/www.elun.sk\/index.php?rest_route=\/wp\/v2\/pages\/32","targetHints":{"allow":["GET"]}}],"collection":[{"href":"http:\/\/www.elun.sk\/index.php?rest_route=\/wp\/v2\/pages"}],"about":[{"href":"http:\/\/www.elun.sk\/index.php?rest_route=\/wp\/v2\/types\/page"}],"author":[{"embeddable":true,"href":"http:\/\/www.elun.sk\/index.php?rest_route=\/wp\/v2\/users\/1"}],"replies":[{"embeddable":true,"href":"http:\/\/www.elun.sk\/index.php?rest_route=%2Fwp%2Fv2%2Fcomments&post=32"}],"version-history":[{"count":7,"href":"http:\/\/www.elun.sk\/index.php?rest_route=\/wp\/v2\/pages\/32\/revisions"}],"predecessor-version":[{"id":94,"href":"http:\/\/www.elun.sk\/index.php?rest_route=\/wp\/v2\/pages\/32\/revisions\/94"}],"wp:attachment":[{"href":"http:\/\/www.elun.sk\/index.php?rest_route=%2Fwp%2Fv2%2Fmedia&parent=32"}],"curies":[{"name":"wp","href":"https:\/\/api.w.org\/{rel}","templated":true}]}}